
What is -22 - (-9 - (1 - (10 + 11 + -6)))?
-27
Evaluate (1 + 2 - -2) + (-15 - -2) + 8.
0
What is (-22 - 2) + (-43 - -72)?
5
-3 + 10 + (-2 - -6 - (-8 - -22))
-3
Evaluate 18 + -5 + -20 - -11 - -10.
14
Calculate -14 + (-6 - (2 - 18)) - -20.
16
Calculate -3 - (-1 - 4) - ((-5 - -16) + 7).
-16
1 + 2 + 15 - (3 - 1 - 0)
16
-4 + -36 + 13 - (20 + -18)
-29
Calculate (-53 - (2 + -21)) + -4.
-38
What is (6 - 11) + 8 + 48 + -52?
-1
3 + (-13 - (-18 + 6))
2
Evaluate 1 - (10 - ((2 + 3 - 1) + 2)).
-3
Evaluate -15 + -16 + 5 - (-4 + 8 - 10).
-20
What is 6 - (-8 - (1 - 7) - -9)?
-1
(33 + 6 - 35) + 24
28
Evaluate 276 - 279 - (2 + -10 + 2).
3
Evaluate -1 + 5 - (-5 + 9 + -12).
12
What is the value of 2 - (52 + -19 + 1) - 3?
-35
What is the value of 28 - (33 + -47 + 39)?
3
-11 + (-11 + 7 - -4) - -32
21
Evaluate (-24 - -2) + -109 + 129.
-2
Evaluate (5 + -8 + 13 + -12 - -6) + 4.
8
29 - (-15 + 45 + -21)
20
What is -10 - (-33 - -32 - (1 + 2))?
-6
Calculate -2 - 44 - (-11 - 16).
-19
What is -6 + 1 - (-110 - -93)?
12
(62 - 61) + (-12 - 0) - -4
-7
Calculate 2114 - 2092 - (-2 + 3 - -7).
14
Calculate (22 - 18 - -5) + -16.
-7
What is -64 - (32 - 86 - -13)?
-23
What is the value of 8 - ((8 - 3) + -1)?
4
What is -1 + -5 + (-10 - -9) + 6?
-1
0 + -5 + (-6 - (3 - 16)) + -4
-2
What is the value of 4 - (-9 - -1 - -18 - -6)?
-12
What is (-5 + 8 - 9) + 10 - (10 - -2)?
-8
Calculate (-11 - (9 - 12)) + -1.
-9
What is 15 + (-11 - (-6 - -10))?
0
Evaluate -39 + 35 + (-3 + 7 - 15).
-15
Evaluate 2 - 11 - 0 - 1.
-10
Calculate -20 + (-8 - -20) - -3.
-5
What is the value of 4 + 0 + -1 + -21 + 37?
19
Evaluate (-6 - 15 - 1) + (6 - 10 - -4).
-22
What is -2 + (-3 - 8) + -2 + -65 + 76?
-4
22 - (-1 + (8 - -10))
5
Calculate -3 - (6 - 13 - 2) - (8 + -1).
-1
Evaluate 19 + -12 + -8 + -12.
-13
Evaluate -6 + 3 + (10 + 1 - (12 - 14)).
10
-14 + (-14 - -9) - -8
-11
-6 + -5 + -23 - -13
-21
(5 + 15 + -4 - 64) + 15
-33
Evaluate -6 + ((-5 - -2) + (6 - -1) - -1).
-1
Evaluate 1 + -7 - (13 + (12 + -15 - 8)).
-8
What is 2 - -3 - (-3 + 10 + (1 - 6))?
3
1 + (-3 - -1) - (43 - 49)
5
Calculate -1 + -4 + 1 + (-1 - (-16 + 2)).
9
What is the value of -4 - ((-8 - 10) + 4)?
10
Evaluate 836 + -826 - (42 - -1).
-33
What is -1 + 10 + 5 - (1 + 7)?
6
What is the value of 13 + (2 - -1 - (4 - (6 + -6)))?
12
Calculate 20 + 4 + (30 - 47).
7
What is the value of 41 - (-1 + 18 + 5 + -4)?
23
-17 + -7 + 4 + 6 + 5
-9
Calculate (-18 - -2) + 3 + 15 + 1 + -10.
-7
What is -6 - (-12 - (-15 - -1) - (-3 - 0))?
-11
Evaluate -18 + -2 - -28 - 21.
-13
Calculate -26 - (-13 - (13 - 15)) - -3.
-12
What is the value of 1 - ((15 - 0) + -13)?
-1
What is the value of (1 - -15 - 1 - (-415 + 419)) + 3?
14
Evaluate 2 + -10 + -18 + (29 - 23).
-20
15 - (27 - 14) - (0 + 3)
-1
What is the value of (-3 - (-6 + -1 + -3)) + -6 + 31?
32
Calculate 5 + (-9 - -19) + -27.
-12
What is 4 - (-7 - -3) - 2 - 12?
-6
Evaluate 2 - (15 - (-5 - -7)).
-11
Calculate 1 + -2 + -5 + 6 + -2.
-2
What is 0 + 7 + (5 + -7 - 28) + 8?
-15
What is the value of 13 + 2 - (26 + -14) - 16?
-13
What is the value of (0 - (-1 + 3 + -7)) + -20 + -11?
-26
What is -4 + -20 + 5 - -2?
-17
What is the value of (-39 + 29 - -18) + 0 + -17 - -2?
-7
Evaluate -15 - 0 - (-11 + -8 + 8) - 12.
-16
Evaluate -15 + 22 + -7 + 2 + 1.
3
Calculate -1 - (-101 - -78 - ((-8 - -2) + 1)).
17
-12 + -17 - -47 - 3
15
What is the value of 3 + (5 - (5 - 6) - -21) - 2?
28
What is -15 + 2 - -17 - 21?
-17
Calculate -2 - (-7 - -1 - (-3 - 3)).
-2
What is (6 - (-12 + (1 + 7 - 2))) + -3?
9
What is 20 - (-17 - (-62 + -14))?
-39
108 + -103 + 3 + 1 + (3 - 6)
6
Calculate -3 + (11 - (3 - 5)).
10
What is 25 - -2 - (-51 - -54 - -5)?
19
What is -2 + -2 - (90 + -88) - (-6 + 1)?
-1
What is the value of 20 + -8 - (-1 - -3) - (-50 - -60)?
0
(5 - -11) + -16 - ((-6 - 0) + -11)
17
What is the value of 16 + 8 + -17 + (-17 - (-3 - -1))?
-8
Calculate 11 - 16 - 10 - -9 - -7.
1
What is the value of (6 - 3) + (-1 - (23 - 4))?
-17
Calculate -13 + -1 + (-15 - -24).
-5
What is (7 - 3 - -5) + -11?
-2
5 - (-4 - -13 - -2)
-6
Evaluate 11 + -26 - (-6 + 1).
-10
-22 + (-4 - -6) + (-4 - (0 - 2))
-22
Calculate (5 - -1) + (-24 - -25) + (12 - 18).
1
Calculate -8 + (16 - 4) - 11.
-7
Calculate -37 + 37 + -15 + -8.
-23
Calculate -13 - ((-13 - -20) + -7).
-13
1 + (1 - -1) + (-71 - -138 - 65)
5
What is -3 + 0 + 1 + (25 - -2) + -17?
8
33 + -23 + -2 + 20
28
What is 45 + -46 + -2 + 2?
-1
8 + -16 + 8 + 1 - 21 - -8
-12
(3 - ((71 - 68) + (6 - 0))) + 35
29
Calculate 31 + -34 - (4 + 1) - (0 + -5).
-3
55 + -69 - (-10 - ((2 - 1) + -3))
-6
-6 - (2 + -12 + (4 - -18))
-18
Evaluate (2 - 11 - -2) + (-54 + 34 - -63).
36
What is -6 - (-8 - (-4 + 8)) - -5?
11
(-1 - (12 - -20)) + 11
-22
Evaluate 3 + (-2 - -1) - (31 - 28).
-1
What is -3 - -1 - -20 - (14 - (-7 - -12))?
9
What is -2 + -5 + 2 + -6?
-11
What is (-12 - -13) + 13 + 2 + -1?
15
Evaluate -2 + -8 + (10 - -15) + -6 + -18.
-9
What is the value of 36 + -33 + (-14 - (1 - (-4 + 8)))?
-8
Calculate -9 - (8 + (13 - 16)).
-14
What is the value of 13 - 5 - (-7 + (2 - -12))?
1
(129 - 132) + (34 - 0) + 1
32
What is the value of 3 + 2 + 11 - (0 - -2) - -3?
17
Calculate 1 + -16 - (23 + -41).
3
What is the value of (14 - 4 - 2) + (36 - 47) + 4?
1
-12 + 14 + -16 - -3
-11
What is 2 - (-8 - 1) - (-1 + 8 + -1)?
5
What is the value of -28 + (-9 - -71) - (-3 - -12)?
25
-20 + -4 + 14 - -12 - 7
-5
Calculate 1 + 5 + (27 - -8) + -38.
3
What is the value of -25 + (32 - (-49 + 30))?
26
Evaluate 0 + -4 + (6 - 11) - 0.
-9
Calculate (1 - 20) + 23 + (-1 - 14).
-11
What is -1 + -4 - (-7 + 17) - -7?
-8
(1 - 13) + 10 + -18
-20
Calculate 14 - (-4 + 3 + 13).
2
Calculate 2 + -5 + -9 + (-5 - -8).
-9
Evaluate (33 - 41) + (0 - 3).
-11
What is -112 + 126 + 8 + -4 + -42?
-24
Calculate 27 + 4 + -24 - 25.
-18
Calculate -27 + 20 - -13 - 24.
-18
(-16 - -10) + (-31 - -28)
-9
7 + 2 - 13 - (14 + -6 + 6)
-18
Evaluate (2 + -2 - -1) + (401 - 385).
17
Calculate -1 - 8 - (-6 + (2 - -12 - -3)).
-20
What is the value of 16 - 13 - 21 - -6?
-12
What is the value of -11 + 4 - ((-3 - -3) + -13 + 2)?
4
What is (13 - 3) + 22 - 6?
26
-11 + -12 + 11 + 22
10
What is the value of 3 - (0 - (7 - 7 - -3)) - 11?
-5
Calculate 0 + -9 + 6 - -5.
2
Calculate -23 + -10 + 15 + 6.
-12
Calculate -2 - 43 - (-1462 + 1398).
19
Calculate 7 + -1 + 36 + -17 + -33 - -17.
9
What is -41 + (78 - 25) + -48?
-36
Calculate -7 + 1 - (-65 + (-2 - -43)).
18
(34 - 42) + -2 + (11 - 4) + -2
-5
6 - (-4 + (8 - (-2 + -4) - 5))
1
-6 - (-9 + 4 - 3)
2
-2 + 6 + (-89 - -58)
-27
Evaluate (1 - 7) + -1 - 4.
-11
What is (-25 - -2) + (-60 - -45 - -3)?
-35
Calculate -64 + 16 + 21 - 2.
-29
-11 + ((-1 - -9) + -5 + 3 - 1)
-6
What is -5 + (-4 - 2) + (-2 - -33) + 8?
28
19 + -5 + -14 + (-1 - (2 + -14))
11
16 + (20 - 10) + -16
10
Calculate 18 + 8 + 10 + -20.
16
What is the value of -3 + 23 + -15 + (-1 - 4 - -1)?
1
Calculate 24 - (23 + -10 + -9).
20
What is -3 + 1 + -7 + 5 + (-3 - -7)?
0
-17 + 2 + (4 - 1) - (398 - 381)
-29
Calculate -28 - -4 - -1 - (11 + -19).
-15
What is the value of -8 - ((-34 - 1) + (16 - 23) + 14)?
20
Evaluate 40 - 55 - (-5 + -17).
7
Calculate -10 + 43 + (-17 - 23).
-7
What is 12 - (37 + (-1 - 5))?
-19
Calculate (-20 - (7 + -14)) + 2 + 0 + 3.
-8
Calculate 183 + -183 - (-3 - 1) - 26.
-22
What is -11 + (8 - -4) + 4?
5
-3 + -27 - (-26 + 0)
-4
Calculate 26 + (-8 - (3 - 14)) + -12.
17
What is the value of -2 - 14 - (40 - 51)?
-5
What is the value of 22 - ((5 - -19) + -23 + (-1 - -5))?
17
What is the value of -7 - 0 - (-44 - -36 - -2)?
-1
What is -3 - -4 - (-27 - -33)?
-5
11 + (22 + -53 - -36)
16
What is the value of -39 - (4 + -20 - 4)?
-19
What is 0 - 12 - (1 + 4 + -14 + 5)?
-8
Calculate 64 + -84 + 2 + 2 + -2.
-18
What is the value of 5 + -5 + 4 - (-5 + 2 + 15)?
-8
13 - (-10 - -25 - 17)
15
Evaluate 14 + (-5 + (4 - -2) - (12 - 4)).
7
-151 + 173 + (-13 - 0)
9
What is 6 + 6 + (-14 - -7) + (0 - 0)?
5
Calculate 36 - (-19 + 78 + -42).
19
(-8 - 21) + (-3 - -26)
-6
Calculate (-88 - -66) + (4 - -4 - 7).
-21
What is the value of 7 - 2 - (4 + 0) - (-11 + 2)?
10
Evaluate 35 + -43 - (3 + -1 + 11).
-21
Calculate -10 - (-10 + -10 + 14).
-4
(-2 + 2 - 24) + (-994 - -999)
-19
Evaluate -10 + -2 + 17 + -7 + (0 - -28).
26
What is the value of 8 - ((-37 - -30) + 8 + -2)?
9
What is the value of (-8 - (8 + 4) - -6) + (1 - -10)?
-3
What is -1 + -3 + 4 + (-11 - -9) 